ist the prime factors of 178684.
2, 11, 31, 131
What are the prime factors of 1741121?
131, 13291
What are the prime factors of 3945135?
3, 5, 263009
What are the prime factors of 153324?
2, 3, 4259
List the prime factors of 671217.
3, 37, 6047
What are the prime factors of 8967033?
3, 23, 43319
What are the prime factors of 323824?
2, 37, 547
List the prime factors of 458660.
2, 5, 17, 19, 71
List the prime factors of 114551.
19, 6029
List the prime factors of 64089.
3, 7121
List the prime factors of 4806655.
5, 7, 23, 853
List the prime factors of 8226806.
2, 7, 127, 661
What are the prime factors of 634394?
2, 317197
List the prime factors of 16112093.
67, 240479
What are the prime factors of 1904543?
1904543
What are the prime factors of 456345?
3, 5, 10141
What are the prime factors of 3442398?
2, 3, 17, 33749
List the prime factors of 106222.
2, 173, 307
What are the prime factors of 390373?
390373
List the prime factors of 4363989.
3, 7, 4241
What are the prime factors of 233321?
11, 21211
What are the prime factors of 5207423?
13, 17, 23563
List the prime factors of 11561.
11, 1051
List the prime factors of 1033833.
3, 344611
List the prime factors of 4497218.
2, 11, 367, 557
List the prime factors of 5351755.
5, 23, 173, 269
What are the prime factors of 1071762?
2, 3, 178627
List the prime factors of 15127571.
73, 207227
What are the prime factors of 25373?
25373
List the prime factors of 2935290.
2, 3, 5, 97843
List the prime factors of 3969758.
2, 13, 61, 2503
What are the prime factors of 488281?
19, 31, 829
List the prime factors of 3521491.
619, 5689
List the prime factors of 4885138.
2, 1543, 1583
List the prime factors of 16842706.
2, 73, 115361
List the prime factors of 760457.
760457
List the prime factors of 9062511.
3, 71, 157, 271
List the prime factors of 8404366.
2, 4202183
What are the prime factors of 13799421?
3, 293, 5233
What are the prime factors of 11268081?
3, 11, 113819
What are the prime factors of 727014?
2, 3, 121169
List the prime factors of 106378.
2, 53189
List the prime factors of 2590196.
2, 7, 92507
What are the prime factors of 343340?
2, 5, 17167
List the prime factors of 25836959.
25836959
What are the prime factors of 378181?
317, 1193
List the prime factors of 16335608.
2, 547, 3733
List the prime factors of 12292260.
2, 3, 5, 204871
What are the prime factors of 213015?
3, 5, 11, 1291
What are the prime factors of 2359260?
2, 3, 5, 17, 257
What are the prime factors of 7654141?
11, 433, 1607
List the prime factors of 1140078.
2, 3, 139, 1367
What are the prime factors of 1047258?
2, 3, 73, 797
What are the prime factors of 716938?
2, 29, 47, 263
List the prime factors of 1397186.
2, 7, 53, 269
List the prime factors of 22426099.
19, 617, 1913
What are the prime factors of 598240?
2, 5, 3739
List the prime factors of 42503864.
2, 13, 408691
What are the prime factors of 1719114?
2, 3, 286519
List the prime factors of 1002758.
2, 179, 2801
What are the prime factors of 2188774?
2, 7, 79, 1979
What are the prime factors of 548399?
548399
List the prime factors of 222229.
7, 53, 599
What are the prime factors of 1576600?
2, 5, 7883
List the prime factors of 7405830.
2, 3, 5, 41, 223
List the prime factors of 5366221.
7, 37, 20719
What are the prime factors of 22637?
22637
What are the prime factors of 15864659?
1259, 12601
What are the prime factors of 4216122?
2, 3, 71, 3299
List the prime factors of 725442.
2, 3, 120907
List the prime factors of 15087340.
2, 5, 754367
What are the prime factors of 13117280?
2, 5, 11, 29, 257
What are the prime factors of 73174?
2, 36587
List the prime factors of 7922098.
2, 3961049
What are the prime factors of 325794?
2, 3, 7, 7757
List the prime factors of 4150271.
53, 78307
What are the prime factors of 969816?
2, 3, 17, 2377
List the prime factors of 209122.
2, 104561
What are the prime factors of 2644740?
2, 3, 5, 7, 2099
List the prime factors of 218558.
2, 109279
What are the prime factors of 613616?
2, 38351
What are the prime factors of 18933922?
2, 7, 23, 127, 463
List the prime factors of 14751924.
2, 3, 11, 23, 43, 113
List the prime factors of 4727724.
2, 3, 393977
What are the prime factors of 895949?
71, 12619
List the prime factors of 203328.
2, 3, 353
What are the prime factors of 4587326?
2, 41, 43, 1301
List the prime factors of 3137431.
11, 285221
What are the prime factors of 1499516?
2, 374879
What are the prime factors of 78977?
78977
What are the prime factors of 1187910?
2, 3, 5, 67, 197
What are the prime factors of 483177?
3, 161059
List the prime factors of 11641233.
3, 3880411
List the prime factors of 21003524.
2, 1493, 3517
List the prime factors of 1658399.
277, 5987
List the prime factors of 13445251.
13445251
List the prime factors of 10643708.
2, 631, 4217
List the prime factors of 4127446.
2, 19, 47, 2311
List the prime factors of 947969.
11, 86179
What are the prime factors of 806339?
139, 5801
List the prime factors of 4648548.
2, 3, 17, 22787
List the prime factors of 1216664.
2, 152083
What are the prime factors of 144079?
13, 11083
What are the prime factors of 239721?
3, 79907
List the prime factors of 40628047.
2699, 15053
What are the prime factors of 212687?
17, 12511
What are the prime factors of 247876?
2, 31, 1999
What are the prime factors of 10559970?
2, 3, 5, 13037
What are the prime factors of 723626?
2, 23, 15731
What are the prime factors of 22910814?
2, 3, 139, 9157
What are the prime factors of 13330227?
3, 17, 29, 9013
What are the prime factors of 2833502?
2, 7, 202393
What are the prime factors of 2487059?
23, 71, 1523
List the prime factors of 159677.
7, 22811
What are the prime factors of 393621?
3, 179, 733
List the prime factors of 12702917.
1997, 6361
List the prime factors of 1248954.
2, 3, 7, 131, 227
What are the prime factors of 13006109?
23, 565483
List the prime factors of 1002429.
3, 137, 271
List the prime factors of 1577721.
3, 41, 101, 127
List the prime factors of 6216365.
5, 1243273
What are the prime factors of 2769198?
2, 3, 17, 1597
What are the prime factors of 898427?
898427
List the prime factors of 5858981.
1523, 3847
What are the prime factors of 203226?
2, 3, 33871
What are the prime factors of 16432717?
7, 1459, 1609
List the prime factors of 9634328.
2, 11, 109481
What are the prime factors of 16274187?
3, 1808243
What are the prime factors of 21545782?
2, 29, 371479
What are the prime factors of 2577631?
7, 368233
List the prime factors of 16787577.
3, 5595859
List the prime factors of 127845.
3, 5, 947
What are the prime factors of 10196762?
2, 43, 139, 853
What are the prime factors of 432593?
7, 29, 2131
List the prime factors of 249992.
2, 31249
List the prime factors of 3027805.
5, 11, 55051
List the prime factors of 832904.
2, 104113
What are the prime factors of 2256430?
2, 5, 11, 73, 281
What are the prime factors of 237535?
5, 47507
What are the prime factors of 337502?
2, 11, 23, 29
What are the prime factors of 4047820?
2, 5, 7, 29, 997
What are the prime factors of 460660?
2, 5, 31, 743
List the prime factors of 257539.
257539
List the prime factors of 1850074.
2, 23, 37, 1087
List the prime factors of 1022849.
1022849
List the prime factors of 13863676.
2, 349, 9931
What are the prime factors of 200077?
23, 8699
What are the prime factors of 121095?
3, 5, 13, 23
What are the prime factors of 4172770?
2, 5, 7, 59611
What are the prime factors of 186786?
2, 3, 1153
What are the prime factors of 165890?
2, 5, 53, 313
What are the prime factors of 48843?
3, 67
List the prime factors of 312388.
2, 29, 2693
List the prime factors of 765703.
619, 1237
What are the prime factors of 17711?
89, 199
What are the prime factors of 224253?
3, 24917
List the prime factors of 12637651.
13, 74779
List the prime factors of 320232.
2, 3, 11, 1213
What are the prime factors of 8317910?
2, 5, 79, 10529
What are the prime factors of 1493640?
2, 3, 5, 461
List the prime factors of 498308.
2, 124577
What are the prime factors of 2564479?
163, 15733
List the prime factors of 23172802.
2, 17, 61, 11173
List the prime factors of 1255512.
2, 3, 52313
What are the prime factors of 1671361?
349, 4789
List the prime factors of 409685.
5, 81937
List the prime factors of 4357326.
2, 3, 726221
